{"id":3025,"date":"2017-02-07T13:47:46","date_gmt":"2017-02-07T13:47:46","guid":{"rendered":"http:\/\/prodhuesit.org\/?page_id=3025"},"modified":"2025-01-20T17:12:20","modified_gmt":"2025-01-20T17:12:20","slug":"si-te-anetaresoheni","status":"publish","type":"page","link":"https:\/\/www.prodhuesit.org\/?page_id=3025","title":{"rendered":"SI T\u00cb AN\u00cbTAR\u00cbSOHENI"},"content":{"rendered":"","protected":false},"excerpt":{"rendered":"","protected":false},"author":1,"featured_media":0,"parent":0,"menu_order":0,"comment_status":"open","ping_status":"open","template":"","meta":{"_eb_attr":"","footnotes":""},"class_list":["post-3025","page","type-page","status-publish","hentry"],"_links":{"self":[{"href":"https:\/\/www.prodhuesit.org\/index.php?rest_route=\/wp\/v2\/pages\/3025","targetHints":{"allow":["GET"]}}],"collection":[{"href":"https:\/\/www.prodhuesit.org\/index.php?rest_route=\/wp\/v2\/pages"}],"about":[{"href":"https:\/\/www.prodhuesit.org\/index.php?rest_route=\/wp\/v2\/types\/page"}],"author":[{"embeddable":true,"href":"https:\/\/www.prodhuesit.org\/index.php?rest_route=\/wp\/v2\/users\/1"}],"replies":[{"embeddable":true,"href":"https:\/\/www.prodhuesit.org\/index.php?rest_route=%2Fwp%2Fv2%2Fcomments&post=3025"}],"version-history":[{"count":5,"href":"https:\/\/www.prodhuesit.org\/index.php?rest_route=\/wp\/v2\/pages\/3025\/revisions"}],"predecessor-version":[{"id":5370,"href":"https:\/\/www.prodhuesit.org\/index.php?rest_route=\/wp\/v2\/pages\/3025\/revisions\/5370"}],"wp:attachment":[{"href":"https:\/\/www.prodhuesit.org\/index.php?rest_route=%2Fwp%2Fv2%2Fmedia&parent=3025"}],"curies":[{"name":"wp","href":"https:\/\/api.w.org\/{rel}","templated":true}]}}